{"id":837,"date":"2023-02-07T02:18:16","date_gmt":"2023-02-07T02:18:16","guid":{"rendered":"https:\/\/artefran.cl\/catalogo\/?post_type=product&#038;p=837"},"modified":"2023-02-20T15:21:45","modified_gmt":"2023-02-20T15:21:45","slug":"bordado-en-hilo-algodon-con-aplicaciones-flor-de-loto","status":"publish","type":"product","link":"https:\/\/artefran.cl\/catalogo\/producto\/bordado-en-hilo-algodon-con-aplicaciones-flor-de-loto\/","title":{"rendered":"Bordado con hilo algod\u00f3n y aplicaciones. \u00abFlor de Loto\u00bb"},"content":{"rendered":"","protected":false},"excerpt":{"rendered":"<p>T\u00edtulo: Flor de Loto<br \/>\nT\u00e9cnica: Bordado en hilo algod\u00f3n con aplicaciones en mostacilla lentejuelas y cordoner\u00eda<br \/>\nDimensiones: 25 x 28 cm<\/p>\n","protected":false},"featured_media":986,"template":"","meta":[],"product_cat":[26],"product_tag":[],"class_list":["post-837","product","type-product","status-publish","has-post-thumbnail","hentry","product_cat-bordado"],"_links":{"self":[{"href":"https:\/\/artefran.cl\/catalogo\/wp-json\/wp\/v2\/product\/837","targetHints":{"allow":["GET"]}}],"collection":[{"href":"https:\/\/artefran.cl\/catalogo\/wp-json\/wp\/v2\/product"}],"about":[{"href":"https:\/\/artefran.cl\/catalogo\/wp-json\/wp\/v2\/types\/product"}],"wp:featuredmedia":[{"embeddable":true,"href":"https:\/\/artefran.cl\/catalogo\/wp-json\/wp\/v2\/media\/986"}],"wp:attachment":[{"href":"https:\/\/artefran.cl\/catalogo\/wp-json\/wp\/v2\/media?parent=837"}],"wp:term":[{"taxonomy":"product_cat","embeddable":true,"href":"https:\/\/artefran.cl\/catalogo\/wp-json\/wp\/v2\/product_cat?post=837"},{"taxonomy":"product_tag","embeddable":true,"href":"https:\/\/artefran.cl\/catalogo\/wp-json\/wp\/v2\/product_tag?post=837"}],"curies":[{"name":"wp","href":"https:\/\/api.w.org\/{rel}","templated":true}]}}